+ 42 = -w. List the prime factors of w.
2, 3, 7
What are the prime factors of (-3 + 2)*(-47 - -3)?
2, 11
Let v = 9 - 5. Let o(b) = -b**2 + 4*b + 1. Let i be o(v). List the prime factors of (i - 0)*(9 - 0).
3
Let l be (-64)/(-24)*6/4. Suppose -l*m - 1492 = -4*g, -3*g + 5*m - 1815 = -8*g. What are the prime factors of g/24 + (-2)/6?
3, 5
Let n be (-3 - 21/(-6))*0. Suppose n = 4*l + 32 - 128. What are the prime factors of l?
2, 3
Suppose h - 2*f + 2 - 80 = 0, -5*h = -f - 372. What are the prime factors of h?
2, 37
Suppose -q + 182 = 38. List the prime factors of q.
2, 3
Suppose -4*f + 23 = -2*f - 5*r, 0 = 5*r - 25. What are the prime factors of f?
2, 3
Let u(x) = 6*x**2 + 11*x + 11. Let o(b) = 5*b**2 + 11*b + 10. Let i(k) = -5*o(k) + 4*u(k). List the prime factors of i(-9).
2, 3
Let b(y) = 2*y**2 + 5*y + 1. What are the prime factors of b(-5)?
2, 13
Suppose -5*j + 2*u + 24 = 0, -j + 10 - 2 = -2*u. Suppose 4*f + 3*y - 68 = 7*y, -j*y = 4*f - 60. What are the prime factors of f?
2
Let j(f) = -35 + 32 + 0*f + 3*f. What are the prime factors of j(4)?
3
Let v(q) = q. Let u be v(4). Suppose -4*c + 0*c = 5*b - 5, -2 = u*b + 2*c. What are the prime factors of b + 17 + 0/(-2)?
2, 7
Suppose -2*m - 69 = -5*m. What are the prime factors of m?
23
Suppose 3*x = -2*s + 2, -23 = -4*x + 3*s + 8. Suppose -z = x*l + 1 + 2, 0 = 5*l - 5*z + 10. What are the prime factors of ((-48)/(-18))/(l/(-3))?
2
Let v = 2 - -28. What are the prime factors of (40/v)/((-2)/(-39))?
2, 13
Suppose -2*u + 4*i = 2*u - 4, -8 = 4*u - i. What are the prime factors of (-8)/(u/(1 + 2))?
2
Suppose b - i - 10 = 3*i, 4*i = -3*b - 2. Suppose o - 6*o = z - 8, 0 = -b*z - 4*o + 22. List the prime factors of z.
13
Let p(u) = u**2 + u - 19. List the prime factors of p(9).
71
Suppose -3*c + 3*i + 48 = i, -58 = -5*c - 4*i. Suppose -l = -w + c, -l - 40 - 46 = -5*w. What are the prime factors of w?
2, 3
Let y be (8/2)/((-2)/(-2)). Let a = 0 - -3. Suppose 0 = -y*o - 2*p + 40, 2*o - a*p + 2 = 6. What are the prime factors of o?
2
Let m(s) = -s**3 - 5*s**2 + 6*s + 5. Let i be m(-6). List the prime factors of (3 - i - 2) + 52.
2, 3
Let m(o) = o**3 + 5*o**2 - 5*o - 4. List the prime factors of m(-3).
29
Let p(h) = -h**2 - 20*h - 22. What are the prime factors of p(-15)?
53
Suppose -13*l = -9*l - 16. Suppose -4*c - c + l*t = -54, -t + 19 = 2*c. List the prime factors of c.
2, 5
Let v be 5/((-1)/(-2)*-1). What are the prime factors of (8/v)/(1/(-5))?
2
Let j(n) be the first derivative of 0*n - 2 - n**2 + 1/4*n**4 - 1/3*n**3. List the prime factors of j(3).
2, 3
Suppose 4*h + 0*h = 5*a + 472, 0 = -4*h + 4*a + 468. List the prime factors of h.
113
Suppose q + 0*m + 13 = 3*m, -2*q - 16 = -m. Let x = q + 17. What are the prime factors of x/(-3)*(-6)/4?
5
Suppose 2*h - 10 = 0, -5*c - 141 = -h - 681. List the prime factors of c.
109
What are the prime factors of 2/4*2*3?
3
Suppose -4*h - 1 + 5 = 0. Let k(j) = 17*j**3 + 2*j**2 - j. List the prime factors of k(h).
2, 3
Suppose 5*d - 5*n = -n + 35, -23 = -d + 4*n. Suppose -o - 68 = -d*o. List the prime factors of o.
2, 17
Let m = 92 + -36. What are the prime factors of m?
2, 7
Suppose 0 = -4*x - 4*t + 4, 0 = -3*x + 5*t + 29 - 2. Let z = -20 + 29. Let j = z - x. List the prime factors of j.
5
Let d(x) = -3*x - 4. Let h be d(-3). Let t(q) = 5*q - 5. List the prime factors of t(h).
2, 5
Suppose z - 228 = -2*z. What are the prime factors of z?
2, 19
Suppose 19*i = 16*i + 384. What are the prime factors of i?
2
List the prime factors of (-84)/(-2) + 0 - -3.
3, 5
Suppose 2*b = 17 - 3. List the prime factors of b.
7
List the prime factors of 124/(-32)*2*-4*7.
7, 31
Suppose -3*g + 20 = 2*g, -2*q = 3*g - 12. Let b(s) = 23*s**2 - s. Let c be b(-1). Suppose q = -3*t + t + c. What are the prime factors of t?
2, 3
Let g(u) = 1. Let z(y) = y**2 + 7*y + 8. Let m(v) = 4*g(v) - z(v). What are the prime factors of m(-6)?
2
Let q be (-8 - -3)*-1 + -3. Suppose -2*k + 56 = 4*w, 2*k - 41 = q*w - w. List the prime factors of k.
2, 11
Suppose -5*b = -s + 64, -2*b = 2*s + 7 + 9. What are the prime factors of (-130)/b - 3/(-18)?
11
Suppose -10 = -5*u - f + 5, -2*f = -u + 14. Suppose u*v = -0*v + 8. Suppose 3*m = 5*k - 55, -v*m - 25 = 3*m. What are the prime factors of k?
2
Let a(u) = 5*u - u**2 + 5*u**2 - 8 - 3*u**2 + 1. What are the prime factors of a(-8)?
17
Suppose 0 = 4*o - 46 - 14. List the prime factors of o.
3, 5
What are the prime factors of 25 + -1 - 30/(-10)?
3
Let k = 199 + -104. What are the prime factors of k?
5, 19
Suppose 4*o = -5*u + 332, 2*u = u - 2*o + 70. Let i = -32 + u. List the prime factors of i.
2
Let f be -2 + 6/3 - -1. Let v(d) = -4*d + 1 - f + 3*d + 2. What are the prime factors of v(-6)?
2
Suppose 4*t - 748 = 3*l + 346, -1086 = -4*t - l. What are the prime factors of t?
2, 17
Let y = -10 - -10. Let o(w) = -w**3 + w + 13. List the prime factors of o(y).
13
Suppose l + 5 = -b, -b - 9 = -0*b - l. Let o(t) = 3*t**2 + 18*t + 5. What are the prime factors of o(b)?
2, 13
List the prime factors of 93*(13/3 + -4).
31
Let o(n) = 5*n**2 - n + 5. What are the prime factors of o(2)?
23
Suppose 5 = -5*q + 5*s, 62 - 7 = -5*q - 5*s. What are the prime factors of 141/4 - q/(-24)?
5, 7
Suppose f = 2*k - 219, 7*k - f = 2*k + 555. List the prime factors of k.
2, 7
Suppose 5*w + 0*w - 135 = 0. What are the prime factors of w?
3
Let w be -2*(0 + 1)*-1. Let g = -2 + w. Suppose g*k - 22 = -2*k. What are the prime factors of k?
11
Let c = -84 - -125. Let k = 68 - c. What are the prime factors of k?
3
Let d(p) = -p**3 - 3*p**2 - p + 8. Let c(k) = -k**2 - 1. Let s be 21/12 + 2/8. Let u(o) = s*c(o) + d(o). What are the prime factors of u(-5)?
11
Let y(r) be the third derivative of r**5/60 + r**4/8 + 2*r**3/3 + r**2. List the prime factors of y(-4).
2
Let s(c) be the second derivative of 7*c**5/30 - c**4/24 - c**3/6 + 3*c**2/2 - 3*c. Let y(b) be the first derivative of s(b). List the prime factors of y(-1).
2, 7
Suppose -p - 3 = -k + p, 5*k - p = -21. Let u = k - -4. List the prime factors of u/(1/7*-1).
7
Let b(h) = -2*h + 3. Let s be b(5). Suppose 7*q - 4*q = -2*t + 21, 2*t - q = 25. Let i = t + s. What are the prime factors of i?
5
Let n = -63 + 94. Let p = n + -16. Let u = -10 + p. List the prime factors of u.
5
Let r(s) = -22*s**2 - 1. Let p be r(1). Suppose b + 176 = 5*b. Let t = b + p. List the prime factors of t.
3, 7
Let j be ((-3)/6)/((-2)/(-12)). Let f be -1*((-1 - -4) + -1). List the prime factors of 2/(f/j) + 2.
5
Let z be (-116)/(-36) - (-4)/(-18). Suppose 2*y + 85 = z*f, y - 2*y = -5*f + 130. What are the prime factors of f?
5
Suppose j + 0*j = 4. Suppose 2 = 5*h + q - 7, -j*h + 3*q = -11. Suppose -59 = -2*v + 5*o, -h*o + 0*o - 10 = 0. List the prime factors of v.
17
Let c be ((-6)/4)/(21/(-448)). Suppose c = 6*w - 2*w. Let q = -6 + w. What are the prime factors of q?
2
Suppose 1464 = 10*a - 316. List the prime factors of a.
2, 89
Let z(w) = w**2 + 10*w + 4. List the prime factors of z(5).
79
Let j be -3 - (-5 + 3) - -14. What are the prime factors of 2/(14/j - 1)?
2, 13
Suppose 4 + 7 = j. Let k be (-1)/5 + j/5. List the prime factors of ((-2)/k)/(2/(-4)).
2
Let r(i) = i + 1. Let l be r(11). Let g be (6/4)/(6/(-32)). List the prime factors of (-2 - 4)*l/g.
3
Suppose 0 = 4*l - 5*s - 631, l - 5*s - 111 = 43. What are the prime factors of l?
3, 53
Suppose y - 34 + 7 = -5*q, 5 = -5*q. What are the prime factors of y?
2
Let v(b) = 0*b**2 + 0*b**2 + b**2 + 9*b**3 + 1 - 2*b. Suppose 6*s - 4*s - 2 = 0. What are the prime factors of v(s)?
3
Let h(m) = m**2 + 5*m - 1. Let r be h(-6). Suppose 0 = -r*i - 21 + 6. Let k(y) = -y**2 - 5*y + 3. List the prime factors of k(i).
3
Let y(d) = -d - 1. Suppose 3*k = 2*c - 2, -2*c + 5*k + 30 = -4*c. List the prime factors of y(c).
2
Let w = -15 - -32. Suppose -w + 55 = o. Let n = o + -26. What are the prime factors of n?
2, 3
Let h = 119 + -84. What are the prime factors of h?
5, 7
Suppose 10 = 2*y - 4. Suppose 0 = -3*w + y + 8. What are the prime factors of w?
5
Suppose -h = 7*h - 976. What are the prime factors of h?
2, 61
Suppose -3*d - 1 = -k, k - d + 0 - 1 = 0. Let v be (1/(-2))/(2/8). What are the prime factors of -2*9/v*k?
3
Let n = -4 - -25. Suppose t = n + 24. Suppose -u + t = 5*m, u = 5*m - 0 - 35. List the prime factors of m.
2
Suppose 5*h 